undreds digit of i?
6
Let n = 259 + -265. What is the tens digit of 3 - 5/(-30)*n*-64?
6
Let r = 1698 + -2929. Let d = 2065 + r. What is the tens digit of d?
3
Let l be 51/((102/(-120))/(-17)). Let z = l + -167. What is the units digit of z?
3
Suppose z = -5*b + 17264, 4*z + 2*b - 48538 = 20644. What is the ten thousands digit of z?
1
Suppose -2*w + 3503 = 7. What is the tens digit of w?
4
What is the units digit of (-6)/48*-268266 - ((-63)/36)/(-7)?
3
Suppose -3*h + x = -5, -2*h + 11 - 1 = -2*x. Suppose -6*n + 11*n - 1420 = h. What is the units digit of n?
4
Let o(a) = 6*a**2 + 10*a - 206. Let r be o(-17). What is the units digit of r*(72/(-8))/(-18)?
9
Let g(q) be the second derivative of q**4/3 + 32*q**3/3 + 39*q**2/2 + 13*q + 3. What is the tens digit of g(-19)?
6
Suppose 10 = -l + 6. What is the units digit of (2 + l - -2) + 0 + 6?
6
Let z(c) = 30*c + 2*c - 2 + 33*c. Let j(a) = 3*a**2 + 146*a + 97. Let i be j(-48). What is the units digit of z(i)?
3
Let v(k) = k**2 + 2*k - 7. Let c be v(-6). Let u be (-4)/(-34) + (-3470)/c. Let t = u - -323. What is the units digit of t?
9
Let o = 53 - 53. Let m(y) = -y**2 + 2*y + 14. Let j be m(o). Suppose -j*w + 10*w = -384. What is the units digit of w?
6
Let r(u) = u**2 + 21*u - 42. Let z be r(-23). Suppose -292 = -d + 5*a, -a - a - z = 0. What is the units digit of d?
2
Let b(q) = -5*q**3 - 41*q**2 - 131*q - 71. Let a(u) = -9*u**3 - 83*u**2 - 263*u - 142. Let f(v) = 4*a(v) - 7*b(v). What is the hundreds digit of f(-42)?
3
Let k(u) = u**2 + 5*u - 16. Let h(m) = -27 + 4*m**2 + 44*m - 3*m**2 - 52*m. Let b be h(11). What is the units digit of k(b)?
0
Let n = 216 - 208. Suppose 0 = -3*v - 5*m + n*m + 1173, 0 = -2*v + m + 787. What is the hundreds digit of v?
3
Suppose -74*o + 70*o = 0, o = -k - 1587. Let v = -934 - k. What is the units digit of v?
3
Suppose 2*u - 6 = -u. Suppose -4*q + 774 = f, 0 = -3*q + u*f - 149 + 724. What is the hundreds digit of (5 + -10 - -7) + q?
1
Let g = -1618 - -2823. Suppose 2*s + 5*h = g, -24*s + 3*h + 1755 = -21*s. What is the units digit of s?
0
Let r = 2915 - 1576. What is the hundreds digit of r - (4 - -4) - 5/1?
3
What is the tens digit of (-2)/8 - (-780353)/164?
5
Suppose -2*i = -1261 + 407. Let d = i - 210. What is the units digit of d?
7
What is the tens digit of (-84)/28*-4*316/6?
3
What is the tens digit of 142/(-284) + 63234/4?
0
Suppose -2*c - 4*k = -5*k - 19, -5*c + 55 = 5*k. What is the tens digit of 545/c*2/1?
0
Let n(c) = -c**3 + 5*c**2 - 6*c + 12. Let w be n(4). Suppose 1745 = 5*x - j, 3*x - w*j + 676 = 5*x. What is the hundreds digit of x?
3
Let k(t) = -288*t + 6. Let p be k(-1). Let r = 690 - p. What is the tens digit of r?
9
Let d be ((-40)/(-32))/((-3)/12). What is the tens digit of -1*(-980 + d/(-5))?
7
Suppose -118171 - 30161 = -47*y. What is the units digit of y?
6
Let j(u) = 40*u + 171. Suppose -9*v - 2*k + 67 = -6*v, -2*v = 5*k - 41. What is the units digit of j(v)?
1
Suppose 2*n - 25*n + 487041 = 8*n. What is the units digit of n?
1
Let y = 5543 - 4569. What is the tens digit of y?
7
Let i(f) = 680*f + 8851. What is the thousands digit of i(0)?
8
Let f = 2526 - 1073. What is the hundreds digit of f?
4
Let w = -82 - -90. What is the tens digit of 1 - (490 - w)*-1?
8
Let q = 1698 + -879. Let z = -352 + q. What is the tens digit of z?
6
Suppose 472*b + 419323 = 395*b + 1762742. What is the thousands digit of b?
7
Let q(y) = y**3 - 20*y**2 + 45*y. Let r be q(13). Let w = -175 - r. What is the units digit of w?
3
Let m(l) = l**3 - 37*l**2 + 61*l + 204. What is the hundreds digit of m(41)?
4
Suppose -s + 2 = -p, p = -s + 5*p - 13. Let m be (-2)/s - ((-216)/21 + 6). Let j(y) = 31*y + 3. What is the tens digit of j(m)?
2
Let c be ((-3)/(-2))/((-1)/2 + 0). What is the hundreds digit of 87/2*(-10)/c?
1
Let g(b) = 2*b**3 - b + 56. Let l be g(0). Suppose 0 = 5*j - 39 - l. Let v = j - -87. What is the tens digit of v?
0
Let i = 73087 + -47290. What is the hundreds digit of i?
7
Let m be (-3)/2*(-208)/156. Suppose 0*v - 478 = -m*p - 5*v, 0 = -4*v. What is the hundreds digit of p?
2
Let j(l) = -l**3 - 10*l**2 + 5. Let p be j(-10). Suppose 2*w - 2*o - 501 - 431 = 0, -4*w + 1865 = -p*o. What is the tens digit of w?
6
Let l = 293 + -153. Let t(w) = w**3 - 105*w**2 - 564*w + 1638. Let g be t(110). Let m = l - g. What is the tens digit of m?
4
Let a = -19642 + 34837. What is the tens digit of a?
9
Let k(f) = f**2 + 8*f - 15. Let l be k(-10). Suppose 0 = 4*d + 5*q + 14, 13 = -2*d - d - l*q. What is the tens digit of d + -2 + 3 + 19?
1
Let z(b) be the third derivative of 4*b**4 - 82*b**3/3 + 66*b**2 - b. What is the tens digit of z(16)?
7
Let h = 508 - 501. Let t(w) = 20*w**2 - 18*w - 8. What is the units digit of t(h)?
6
Suppose 2*n + 7 = -5*y + 18, 2*n + 19 = y. Let q(g) = 25*g**2 - 22*g - 149. What is the units digit of q(n)?
0
Let j(d) = 11*d**2 + d - 3. Let f be j(-2). What is the hundreds digit of f*42/24*4?
2
Suppose -3*o - 4*f + 26171 = 0, -4*f + 20394 + 14494 = 4*o. What is the tens digit of o?
1
Suppose -90048 = -62*v - 61*v + 111*v. What is the thousands digit of v?
7
Suppose 91*n = 5*n + 730549 + 1716409. What is the hundreds digit of n?
4
Let d = -18 + 16. Let q be 2*d/(-8) - 1415/10. Let s = q + 260. What is the units digit of s?
9
Suppose -6*s - 5*s + 5*s = 0. Suppose -6*n - 3*u = -n - 1564, -n - 4*u + 323 = s. What is the hundreds digit of n?
3
Suppose 4*y = 9*y + 5*h - 2790, -2*y + 1112 = 4*h. What is the units digit of y?
0
Let u be 8/(-6) + 6*(-5)/(-9). Suppose l + l - 2455 = -3*n, -l = -u*n + 1639. What is the hundreds digit of n?
8
Suppose -11 = -4*w - 31, 4*z + 2*w = 2. Suppose 16 = 4*m, z*m - 129 = -2*d - 45. What is the tens digit of d?
3
Let b(p) = 39*p**2 + 40*p - 97. What is the tens digit of b(12)?
9
Suppose 4*h - 5*s = -s + 4, -2*h = 2*s + 2. Suppose -2*n - n = -m + 119, n - 5*m + 21 = h. Let d = n - -171. What is the units digit of d?
0
Let v = -43 + 46. Suppose 2*h = 4*u + 686, -3*h + v*u + 688 = -h. What is the units digit of h?
7
Suppose 44571 = 12*l - 150317 - 97792. What is the ten thousands digit of l?
2
Let c(o) = 6*o**2 + 475*o - 952. What is the ten thousands digit of c(-118)?
2
What is the hundreds digit of 9*7/21*-7694*8/(-12)?
3
Let n be (59064/88 - -1) + 2/(-11). Let k = -258 + n. What is the tens digit of k?
1
Let g(a) = -2*a**3 + 36*a**2 + 33*a + 16. Let d(b) = -10*b + 208. Let k be d(19). What is the hundreds digit of g(k)?
6
Suppose -3*k - 1030 = -8*k. Let m = 281 - k. What is the tens digit of m?
7
Let k be 22/187 - (-63285)/51. Suppose 982 = 4*t - 3*c, 0 = 2*t - 7*t - 3*c + k. What is the units digit of t?
7
Suppose 4*u - 2*u = -3*a, 5*u - 23 = 4*a. Suppose 0 = 2*q - 4*x - 722, -2*q - 4*x + 1805 = u*q. What is the hundreds digit of q?
3
Let x = 3814 + 1893. What is the tens digit of x?
0
Suppose -4*y - 86*q = -82*q - 113816, y = 2*q + 28460. What is the hundreds digit of y?
4
Suppose -1573058 = -175*b + 689804 - 34937. What is the ten thousands digit of b?
1
Suppose 95*t = 91*t + 16. Suppose 3*m + t*m = 42. Suppose m*b - 252 - 486 = 0. What is the hundreds digit of b?
1
Let n be 4 - (4/26 - (-1137)/(-39)). Suppose n*j = 35*j - 620. What is the units digit of j?
0
Suppose -2*t + 111*t - 1760241 = 0. What is the units digit of t?
9
Let q = 65 + 76. Let w = q + 5. What is the hundreds digit of w?
1
Suppose 5*a - 14*q - 1793 = -15*q, -2*a = -4*q - 726. Let d = 630 + a. What is the tens digit of d?
8
Suppose 4*f + 2*o - 34 = 0, 5*f + o = 4 + 31. Let d = 0 + f. Suppose -11*r = d - 72. What is the units digit of r?
6
Let k = 1932 - 1229. Suppose 2*r + 267 = k. What is the hundreds digit of r?
2
Let a = -8045 + 52291. What is the thousands digit of a?
4
Let m be 4/(-6)*(-785 - -4 - -13). Suppose -m = -4*h + 2848. What is the units digit of h?
0
Let a(p) = 8*p - 31. Let b be a(6). Let n = b - 14. Suppose n*h + 171 = 5*l, 5*l - 242 + 77 = 5*h. What is the tens digit of l?
3
Let u = 18 - 16. Let t(g) = 5*g - 30. Let v(o) = 4*o - 31. Let q(y) = u*v(y) - 3*t(y). What is the units digit of q(-17)?
7
Let h(q) = 3*q**2 - 10*q + 9. Let y(b) = -11*b**2 + 9*b + 30. Let c be y(9). Let m be c/(-91) + (-4)/(56/(-6)). What is the hundreds digit of h(m)?
1
What is the units digit of 4 + (-50)/15*(-33747)/14?
9
Let x = -11 + 374. Suppose 3*j 